(v) = -325*v - 16. Let q be x(-4). Suppose -2*b - 2*b = -q. What is the hundreds digit of b?
3
Let n = 82 + -19. Suppose u - n = 4*g - 7*g, -17 = -g + u. Let f = g + -13. What is the units digit of f?
7
Let n be ((-2)/(-6))/((-1)/(-267)). Suppose 0 = -x - 52 + n. What is the tens digit of x?
3
Let l(w) = -2*w**3 + 65*w**2 + 66*w - 35. What is the tens digit of l(33)?
5
Let o(c) = 6*c + 35. Let t be o(-8). Let m = 40 - 14. Let d = m + t. What is the units digit of d?
3
Let z = -36 + 87. What is the units digit of z?
1
Let i(t) = 16*t**2 + 35*t + 286. What is the units digit of i(-13)?
5
Let g(p) = 4*p**2 + 14*p + 62. What is the units digit of g(-12)?
0
Let y = 40 + 56. Let o = y + -15. What is the tens digit of o?
8
What is the hundreds digit of 5473/5 + (-56)/35?
0
Let j be (-4 + 0)*(-66)/(-24). Let k be 12/(-18) - j/3. Suppose 0 = -4*a - 16, k*n - 8*n + 5*a = -45. What is the units digit of n?
5
Let b be 6/24*20/1. Suppose -p - 1 = -0, -b*u - 2*p + 83 = 0. What is the units digit of u?
7
Suppose 144*w - 1377 = 143*w. What is the hundreds digit of w?
3
Let q(a) = 103*a**2 + 25*a - 55. What is the tens digit of q(2)?
0
Let q(k) = -12*k**2 - k + 1. Let v be q(1). What is the tens digit of v/(-48) + (-215)/(-4)?
5
Let y(x) = x**3 + 10*x**2 + 10*x - 10. Let f be y(-8). Suppose 0 = 16*a - 14*a - f. What is the units digit of a?
9
Let j = 944 + -443. What is the hundreds digit of j?
5
Suppose 0 = 3*o - 105 + 42. Suppose -p = o - 61. What is the tens digit of (p/(-24))/(2/(-36))?
3
What is the tens digit of 270 - 4 - 3*(-8)/4?
7
Let y(h) = 23*h**2 - h. Let g be y(-1). Let t(q) = -q**2 + 26*q + 19. What is the tens digit of t(g)?
6
Let q = 195 - -705. What is the hundreds digit of q?
9
Let f = 179 - 137. Suppose 3*h - 243 = -3*d, d - 3*d + 10 = 0. Let g = h - f. What is the units digit of g?
4
Let r(w) = w**3 + 6*w**2 + w - 4. Let a be r(-6). Let v(t) = -t**2 - 19*t - 13. What is the tens digit of v(a)?
7
Suppose -4*h + 4 = 0, 3*h + 185 = 6*w - 2*w. Suppose 4*i + q = 28, 3*q + 11 - w = -4*i. What is the units digit of i?
6
Let r(v) = 2*v**2 + 3*v - 11. Let a(z) = z**2 + z - 6. Let o(s) = -5*a(s) + 3*r(s). Suppose -9*m - 11 = 34. What is the units digit of o(m)?
2
Suppose 5*x - 13 = 3*h, -5*h = -5*x + 5 - 0. Suppose -x*s = -2*l - 1591, l - 5*l - 1268 = -4*s. What is the hundreds digit of s?
3
Suppose 4161 = 3*i + 3*r, -2*i + 2*r + 1301 = -1453. Suppose 8*y = i + 1322. What is the tens digit of y?
3
Let j be (2*1)/((-13)/((-26)/4)). Let h(t) = 131*t**2 + 4*t - 2. What is the hundreds digit of h(j)?
1
Let u = 236 + 1630. What is the tens digit of u?
6
Suppose 3*q + z - 66 = 0, -3*q - 4*z = -z - 66. Let i = q - 19. Suppose 0 = -r + 4*o + 57, -4*r + i*o = o - 172. What is the units digit of r?
1
What is the tens digit of (-330)/50 - -7 - 2586/(-10)?
5
Let r(g) = 56*g - 8. Let d be r(3). Suppose -8*f + 9*f = d. What is the hundreds digit of f?
1
Let q(x) = -363*x + 249. What is the units digit of q(-9)?
6
Let h(m) be the second derivative of -m**5/20 + m**4/3 + m**3/2 - 5*m. What is the tens digit of h(4)?
1
What is the tens digit of -1 - 9/36 - (-1946)/8?
4
Suppose -15*m - 5*m = 560. Let g(z) = z**3 - 6*z**2 + 7*z + 8. Let f be g(6). Let w = f + m. What is the units digit of w?
2
What is the hundreds digit of ((-2)/(-3))/(10/37425)?
4
Let t be 18/(-4)*8/(-3). Suppose 0 = 4*l + t - 20. What is the units digit of 39/l*8/12?
3
Suppose -23 = 9*b - 68. Suppose -23 = -b*q + 137. What is the units digit of q?
2
Let j = -41 - -46. Suppose 2*y - 5*v - 207 = 0, 2*y + j*v = 110 + 87. What is the hundreds digit of y?
1
Suppose -x + 190 = 4*s, 20*s - 4*x = 19*s + 56. What is the units digit of s?
8
Let f(r) = 3896*r**2 + 71*r - 71. What is the tens digit of f(1)?
9
Suppose 0 = -97*r + 166803 + 20213. What is the units digit of r?
8
Suppose -1333 = -10*d + 437. What is the units digit of d?
7
Suppose 6*w = 551 + 709. Let f = w + -59. What is the hundreds digit of f?
1
Suppose -6*r + 7*r - 6393 = -4*m, 4*r = -4*m + 6384. What is the hundreds digit of m?
5
What is the thousands digit of 63844/33 - 5/(-15)?
1
Let o = -13 + 21. Let i(x) = 11*x - 3. Let g(h) = -5*h + 1. Let j(s) = -9*g(s) - 4*i(s). What is the tens digit of j(o)?
1
Let j(v) = -2*v + 34. Let u be j(15). Suppose 2*n - u*n = -174. What is the tens digit of n?
8
Let s(w) = -w**2 - 4*w. Let i be s(-3). Suppose -l - i*l + 64 = 0. Suppose -5*n = j + 19, -j + 3*n = n - l. What is the units digit of j?
6
Suppose 8217 + 92015 = 34*q. What is the thousands digit of q?
2
Suppose -3 = -5*n + 4*p, -11 = 5*n - 0*n + 3*p. Let d be (n + 28)*64/24. Suppose 5*k - k = d. What is the tens digit of k?
1
Let w be 225 + 4 + (-6)/(-2). Let g(f) = 8*f**2 + w*f - 232*f. What is the units digit of g(2)?
2
Let l = 1661 + -849. What is the tens digit of l?
1
Let r = 224 - -10. What is the hundreds digit of r?
2
Suppose 2*z - z = 0. Suppose z = 2*u - u - 5*o - 19, 2*u - 17 = 3*o. Let d(p) = p**2 - 3*p - 2. What is the units digit of d(u)?
2
Let h(t) = -t**3 + 15*t**2 + 4*t + 13. Suppose 3*v + 16 - 61 = 0. Let i be h(v). Let c = i + -48. What is the units digit of c?
5
Let d = -8821 - -12925. What is the units digit of d?
4
Suppose 4*p - 5*n = 33, 0 = -7*p + 2*p + 2*n + 20. Let u be p/(-2) + 24 + -12. Suppose u*f - 9*f = 34. What is the units digit of f?
7
Suppose -4*k + 14 = -5*u - 11, 2*u = -10. Let a(c) = -c**2 + 34. What is the tens digit of a(k)?
3
Let n be 1522/10 - (3 - (-42)/(-15)). Let t = -49 + n. What is the hundreds digit of t?
1
Let r(k) = 10*k - 10. Let s be r(9). Suppose -342 + 88 = -5*i + m, 2*i + 5*m - s = 0. What is the units digit of i?
0
Let d = 591 + 968. What is the thousands digit of d?
1
Let b be (107/(-5))/(4/(-20)). Let h = -24 + b. What is the tens digit of h?
8
Let s(y) = -32*y**3 + y**2 + 2*y + 2. What is the tens digit of s(-1)?
3
Let n = -94 + 103. Suppose 0 = -7*r + n*r - 2*m - 22, r + 3*m = 23. What is the tens digit of r?
1
Suppose -763*f + 758*f = -4425. What is the units digit of f?
5
What is the units digit of (-12)/(-22) + 0 - (-318504)/506?
0
Suppose 0 = -39*a + 43*a + 20. Let x(j) = 4*j**3 + 2*j**2 + j - 1. Let i be x(2). Let v = i + a. What is the units digit of v?
6
Let c = 105 + -101. Suppose -5*l - 2*i = -415, c*i - 245 = -3*l + 2*i. What is the units digit of l?
5
Suppose -f + 2920 = 5*r, -2*f - 4*r - 2942 = -8794. What is the tens digit of f?
3
Suppose -6*p - 1201 = -k - 2*p, -4*k = 5*p - 4888. What is the hundreds digit of k?
2
Suppose 10 = 2*u - 0. Suppose -4*t + 139 = -u*p - 21, 4*t - 124 = -4*p. What is the tens digit of t?
3
Let y(c) = 4*c - 25. Let l be y(15). Let p = l + -38. What is the units digit of ((-1)/p)/(3/549)?
1
Let n(h) = -4*h + 19. Let v be n(12). Suppose 4*j + 3*y = 3*j + 2, -5*j + 4*y = -10. What is the units digit of (-2)/(j + 60/v)?
9
Let o(i) = 360*i + 82. What is the tens digit of o(4)?
2
Suppose -1419 = -9*o + 201. What is the tens digit of o?
8
Suppose 20 = -2*b + 3*n, 16 = -3*b - 5*n - 14. Let l = b + 16. What is the units digit of l?
6
Let b(i) = 58*i + 1. Let h be b(3). Suppose -3*s = -8*s + h. What is the units digit of s?
5
Let l = 183 - -382. Suppose 7*c - 121 = l. What is the units digit of c?
8
Suppose 2*n + 2440 = 10*t - 5*t, 3*n = 0. What is the tens digit of t?
8
Let d(a) = 0 - 2 + 1 - 3*a. Suppose -7*n - 9 + 2 = 0. What is the units digit of d(n)?
2
Let g = 115 + -107. What is the units digit of (-1 - 1) + 194 + g?
0
Let f(a) = 2*a**2 - 5*a + 1. What is the units digit of f(-5)?
6
Let h = 101 + -96. Suppose -104 = -9*q + h*q. What is the units digit of q?
6
Let x = 1 - -465. What is the tens digit of x?
6
Suppose 0*t + t = 20. Let c be 3*((-59)/(-2))/((-81)/(-54)). Let m = c - t. What is the tens digit of m?
3
Suppose -3*t = 0, f - 3*f + 80 = -3*t. Suppose -r - 15 + f = -2*h, 2*r - 8 = h. Let m = h - -30. What is the tens digit of m?
1
Let j(z) be the first derivative of -7*z**2/2 + z - 5. Let c be j(-8). Let h = -37 + c. What is the tens digit of h?
2
Let r = -290 + 2082. What is the tens digit of r?
9
Let x = -119 + 123. Suppose -529 = -3*u - x. What is the tens digit of u?
7
Suppose -4*v - 383 = -11. Let k = v - -280. What is the hundreds digit of k?
1
Let u(m) = m**3 + 5*m**2 + 5*m - 6. Let n be u(-6). Let s = -51 - n. What is the units digit of 